{"id":283,"date":"2023-06-11T20:51:03","date_gmt":"2023-06-11T18:51:03","guid":{"rendered":"https:\/\/axelletarroux.com\/?page_id=283"},"modified":"2023-06-29T12:05:20","modified_gmt":"2023-06-29T10:05:20","slug":"atelier-happy-penderie","status":"publish","type":"page","link":"https:\/\/axelletarroux.com\/index.php\/atelier-happy-penderie\/","title":{"rendered":"ATELIER HAPPY PENDERIE"},"content":{"rendered":"\n<p><\/p>\n\n\n<div class=\"wp-block-image is-style-rounded\">\n<figure class=\"aligncenter\"><img decoding=\"async\" loading=\"lazy\" width=\"300\" height=\"200\" src=\"http:\/\/axelletarroux.com\/wp-content\/uploads\/2019\/11\/axelle2018-221-300x200.jpg\" alt=\"\" class=\"wp-image-91\" srcset=\"https:\/\/axelletarroux.com\/wp-content\/uploads\/2019\/11\/axelle2018-221-300x200.jpg 300w, https:\/\/axelletarroux.com\/wp-content\/uploads\/2019\/11\/axelle2018-221-768x512.jpg 768w, https:\/\/axelletarroux.com\/wp-content\/uploads\/2019\/11\/axelle2018-221-1024x683.jpg 1024w, https:\/\/axelletarroux.com\/wp-content\/uploads\/2019\/11\/axelle2018-221-450x300.jpg 450w\" sizes=\"(max-width: 300px) 100vw, 300px\" \/><\/figure><\/div>\n\n\n<h2 class=\"wp-block-heading has-text-align-center\">Tri de garde-robe &amp; Liste shopping<\/h2>\n\n\n\n<p class=\"has-text-align-center\"><em>Et si vous faisiez de la place \u00e0 la vraie vous?<\/em><\/p>\n\n\n\n<h3 class=\"wp-block-heading has-text-align-center\">Objectifs<\/h3>\n\n\n\n<p class=\"has-text-align-center\">Faire de votre <strong>garde-robe <\/strong>un espace <strong>agr\u00e9able<\/strong>, sans surplus, o\u00f9 vous pourrez cr\u00e9er vos tenues avec plaisir chaque jour.<\/p>\n\n\n\n<p class=\"has-text-align-center\">Obtenir une <strong>liste-shopping <\/strong>de 3 tenues compl\u00e8tes (12 pi\u00e8ces de v\u00eatements ou accessoires \u00e0 associer) selon votre budget et vos besoins (adapt\u00e9 \u00e0 vos habitudes, vos valeurs et votre quotidien) \u00e0 acheter \u00e0 votre rythme en ligne ou en magasin.<\/p>\n\n\n\n<h3 class=\"wp-block-heading has-text-align-center\">D\u00e9roulement<\/h3>\n\n\n\n<p class=\"has-text-align-center\">* Questionnaire-coaching de vos habitudes et objectifs<\/p>\n\n\n\n<p class=\"has-text-align-center\">* Tri de tous vos v\u00eatements et accessoires (selon le volume, une m\u00e9thode simple de pr\u00e9-tri vous sera donn\u00e9e \u00e0 faire au pr\u00e9alable)<\/p>\n\n\n\n<p class=\"has-text-align-center\">* Essai de tenues et r\u00e9alisation de photos de tenues valorisantes, afin de pouvoir refaire les tenues par vous-m\u00eame facilement<\/p>\n\n\n\n<p class=\"has-text-align-center\">BONUS: Votre liste de shopping personnalis\u00e9e selon votre budget fix\u00e9, envoy\u00e9e par e-mail.<\/p>\n\n\n\n<p class=\"has-text-align-center\"><em><strong>2 heures de coaching <\/strong>dans votre garde-robe<\/em><strong><em> + 1 heure de mode d&#8217;emploi de votre liste shopping<\/em><\/strong><em> <\/em>par Zoom ou WhatsApp vid\u00e9o-call <em><strong>&#8211; CHF 570<\/strong><\/em><strong><em> pour une personne<\/em><\/strong><\/p>\n\n\n\n<h2 class=\"wp-block-heading has-text-align-center has-vivid-cyan-blue-color has-text-color\">R\u00e9servation &amp; infos<\/h2>\n\n\n\n<div class=\"forminator-guttenberg\"><div class=\"forminator-ui forminator-custom-form forminator-custom-form-374 forminator-design--default  forminator_ajax\" data-forminator-render=\"0\" data-form=\"forminator-module-374\" data-uid=\"69dc0fc201cb2\"><br\/><\/div><form\n\t\t\t\tid=\"forminator-module-374\"\n\t\t\t\tclass=\"forminator-ui forminator-custom-form forminator-custom-form-374 forminator-design--default  forminator_ajax\"\n\t\t\t\tmethod=\"post\"\n\t\t\t\tdata-forminator-render=\"0\"\n\t\t\t\tdata-form-id=\"374\"\n\t\t\t\t\n\t\t\t\tdata-design=\"default\"\n\t\t\t\t\n\t\t\t\t\n\t\t\t\t\n\t\t\t\tdata-grid=\"open\"\n\t\t\t\t\n\t\t\t\t\n\t\t\t\tstyle=\"display: none;\"\n\t\t\t\t\n\t\t\t\tdata-uid=\"69dc0fc201cb2\"\n\t\t\t><div role=\"alert\" aria-live=\"polite\" class=\"forminator-response-message forminator-error\" aria-hidden=\"true\"><\/div><div class=\"forminator-row\"><div id=\"name-1\" class=\"forminator-col forminator-col-12 \"><div class=\"forminator-field\"><label for=\"forminator-field-name-1_69dc0fc201cb2\" class=\"forminator-label\" id=\"forminator-field-name-1_69dc0fc201cb2-label\">Pr\u00e9nom et NOM <span class=\"forminator-required\">*<\/span><\/label><input type=\"text\" name=\"name-1\" value=\"\" placeholder=\"ex: Danielle PONS\" id=\"forminator-field-name-1_69dc0fc201cb2\" class=\"forminator-input forminator-name--field\" aria-required=\"true\" \/><\/div><\/div><\/div><div class=\"forminator-row\"><div id=\"email-1\" class=\"forminator-col forminator-col-12 \"><div class=\"forminator-field\"><label for=\"forminator-field-email-1_69dc0fc201cb2\" class=\"forminator-label\" id=\"forminator-field-email-1_69dc0fc201cb2-label\">E-mail <span class=\"forminator-required\">*<\/span><\/label><input type=\"email\" name=\"email-1\" value=\"\" placeholder=\"votrenom@email.com\" id=\"forminator-field-email-1_69dc0fc201cb2\" class=\"forminator-input forminator-email--field\" data-required=\"true\" aria-required=\"true\" \/><\/div><\/div><\/div><div class=\"forminator-row\"><div id=\"phone-1\" class=\"forminator-col forminator-col-12 \"><div class=\"forminator-field\"><label for=\"forminator-field-phone-1_69dc0fc201cb2\" class=\"forminator-label\" id=\"forminator-field-phone-1_69dc0fc201cb2-label\">T\u00e9l\u00e9phone portable<\/label><input type=\"text\" name=\"phone-1\" value=\"\" placeholder=\"ex: +41 79 000 00 00\" id=\"forminator-field-phone-1_69dc0fc201cb2\" class=\"forminator-input forminator-field--phone\" data-required=\"\" aria-required=\"false\" autocomplete=\"off\" data-validation=\"1\" \/><\/div><\/div><\/div><div class=\"forminator-row\"><div id=\"textarea-1\" class=\"forminator-col forminator-col-12 \"><div class=\"forminator-field\"><label for=\"forminator-field-textarea-1_69dc0fc201cb2\" id=\"forminator-field-textarea-1_69dc0fc201cb2-label\" class=\"forminator-label\">Notes compl\u00e9mentaires<\/label><textarea name=\"textarea-1\" placeholder=\"Je souhaite \u00eatre appel\u00e9e ou contact\u00e9e par email car cet atelier m&#039;int\u00e9resse.\" id=\"forminator-field-textarea-1_69dc0fc201cb2\" class=\"forminator-textarea\" rows=\"6\" style=\"min-height:140px;\" maxlength=\"180\" ><\/textarea><span id=\"forminator-field-textarea-1_69dc0fc201cb2-description\" class=\"forminator-description\"><span data-limit=\"180\" data-type=\"characters\">0 \/ 180<\/span><\/span><\/div><\/div><\/div><div class=\"forminator-row\"><div id=\"consent-1\" class=\"forminator-col forminator-col-12 \"><div class=\"forminator-field\"><label for=\"forminator-field-consent-1_69dc0fc201cb2\" class=\"forminator-label\">Consentement <span class=\"forminator-required\">*<\/span><\/label><div class=\"forminator-checkbox__wrapper\"><label for=\"forminator-field-consent-1_69dc0fc201cb2\" id=\"forminator-field-consent-1_69dc0fc201cb2__label\" class=\"forminator-checkbox forminator-consent\" style=\"margin: 0;\"><input type=\"checkbox\" name=\"consent-1\" value=\"checked\" id=\"forminator-field-consent-1_69dc0fc201cb2\" aria-labelledby=\"forminator-field-consent-1_69dc0fc201cb2-label\" aria-describedby=\"forminator-field-consent-1_69dc0fc201cb2__description\" aria-describedby=\"forminator-field-consent-1_69dc0fc201cb2__description\" data-required=\"true\" aria-required=\"true\" \/><span class=\"forminator-checkbox-box\" aria-hidden=\"true\"><\/span><\/label><div id=\"forminator-field-consent-1_69dc0fc201cb2__description\" class=\"forminator-checkbox__label forminator-consent__label\"><p>Oui, je &nbsp;souhaite recevoir des emails de Axelle Tarroux dans le cadre de ma demande.&nbsp;<\/p><\/div><\/div><\/div><\/div><\/div><input type=\"hidden\" name=\"referer_url\" value=\"\" \/><div class=\"forminator-row forminator-row-last\"><div class=\"forminator-col\"><div class=\"forminator-field\"><button class=\"forminator-button forminator-button-submit\">Demande d&#039;offre sans engagement.<\/button><\/div><\/div><\/div><input type=\"hidden\" id=\"forminator_nonce\" name=\"forminator_nonce\" value=\"5945b05ea9\" \/><input type=\"hidden\" name=\"_wp_http_referer\" value=\"\/index.php\/wp-json\/wp\/v2\/pages\/283\" \/><input type=\"hidden\" name=\"form_id\" value=\"374\"><input type=\"hidden\" name=\"page_id\" value=\"283\"><input type=\"hidden\" name=\"form_type\" value=\"default\"><input type=\"hidden\" name=\"current_url\" value=\"https:\/\/axelletarroux.com\/index.php\/atelier-happy-penderie\/\"><input type=\"hidden\" name=\"render_id\" value=\"0\"><input type=\"hidden\" name=\"action\" value=\"forminator_submit_form_custom-forms\"><\/form><\/div>\n","protected":false},"excerpt":{"rendered":"<p>Tri de garde-robe &amp; Liste shopping Et si vous faisiez de la place \u00e0 la vraie vous? Objectifs Faire de votre garde-robe un espace agr\u00e9able, sans surplus, o\u00f9 vous pourrez cr\u00e9er vos tenues avec plaisir chaque jour. Obtenir une liste-shopping de 3 tenues compl\u00e8tes (12 pi\u00e8ces de v\u00eatements ou accessoires \u00e0 associer) selon votre budget [&hellip;]<\/p>\n","protected":false},"author":1,"featured_media":0,"parent":0,"menu_order":0,"comment_status":"closed","ping_status":"closed","template":"","meta":[],"_links":{"self":[{"href":"https:\/\/axelletarroux.com\/index.php\/wp-json\/wp\/v2\/pages\/283"}],"collection":[{"href":"https:\/\/axelletarroux.com\/index.php\/wp-json\/wp\/v2\/pages"}],"about":[{"href":"https:\/\/axelletarroux.com\/index.php\/wp-json\/wp\/v2\/types\/page"}],"author":[{"embeddable":true,"href":"https:\/\/axelletarroux.com\/index.php\/wp-json\/wp\/v2\/users\/1"}],"replies":[{"embeddable":true,"href":"https:\/\/axelletarroux.com\/index.php\/wp-json\/wp\/v2\/comments?post=283"}],"version-history":[{"count":3,"href":"https:\/\/axelletarroux.com\/index.php\/wp-json\/wp\/v2\/pages\/283\/revisions"}],"predecessor-version":[{"id":383,"href":"https:\/\/axelletarroux.com\/index.php\/wp-json\/wp\/v2\/pages\/283\/revisions\/383"}],"wp:attachment":[{"href":"https:\/\/axelletarroux.com\/index.php\/wp-json\/wp\/v2\/media?parent=283"}],"curies":[{"name":"wp","href":"https:\/\/api.w.org\/{rel}","templated":true}]}}